{"id":1327,"date":"2019-04-10T21:57:09","date_gmt":"2019-04-10T19:57:09","guid":{"rendered":"http:\/\/www.chm.photo\/jazz\/?page_id=1327"},"modified":"2019-04-11T07:55:01","modified_gmt":"2019-04-11T05:55:01","slug":"le-festival-lac-in-blue-dannecy-edition-2019","status":"publish","type":"page","link":"http:\/\/www.chm.photo\/jazz\/le-festival-lac-in-blue-dannecy-edition-2019\/","title":{"rendered":"Lac In Blue Festival d\u2019Annecy \u00e9dition 2019"},"content":{"rendered":"<h1>EL COMITE &#8220;HAVANA JAZZ ALL STARS&#8221;<\/h1>\n<h1>Invit\u00e9s Ibrahim Maalouf &amp; Yilian Canizares<\/h1>\n<h3>Concert du Vendredi 5 Avril 2019<br>Arcadium Annecy<\/h3>\n<p>\u00c0 l\u2019instar de son mentor Chucho Vald\u00e9s, fondateur du groupe mythique Irakere, le brillant pianiste Harold-Lopez NUSSA r\u00e9unit la nouvelle g\u00e9n\u00e9ration des musiciens de jazz afro-cubain de La Havane pour un septet all stars exceptionnel !<\/p>\n<p>En guests :<\/p>\n\n\n<ul><li>le trompettiste franco-libanais virtuose &#8220;figure pionni\u00e8re du monde du jazz contemporain&#8221; Ibrahim MAALOUF<\/li><li>la jeune et brillante violoniste et chanteuse Yilian CANIZARES.<\/li><\/ul>\n\n\n<p>Une soir\u00e9e \u00e0 l\u2019\u00e9nergie communicative avec une armada cubaine pour s\u2019enivrer du groove qui rugit dans une \u00eele o\u00f9 la musique est souveraine, avec des musiciens qui longtemps encore brilleront sur les sc\u00e8nes des plus grands festivals.<\/p>\n\n\n<ul><li>Piano: Harold L\u00f3pez Nussa<\/li><li>Piano: Rolando Luna<\/li><li>Trompette: Carlos Sarduy<\/li><li>Saxophone: Irving Acao<\/li><li>Basse: Gaston Joya<\/li><li>Batterie: Rodney Barreto<\/li><li>Percussions: Yaroldy Abreu.<\/li><li>Trompette: Ibrahim Maalouf,<\/li><li>Chant, violon: Yilian Canizares.<\/li><\/ul>\n\n\n            \n\t\t<div class=\"ngg-gallery-singlepic-image \" style=\"\">\n\t\t\t    \t<a href=\"http:\/\/www.chm.photo\/jazz\/wp-content\/gallery\/lib-19-04-05\/Lib-19-04-05_01.jpg\"\n\t\t     title=\"\"\n             data-src=\"http:\/\/www.chm.photo\/jazz\/wp-content\/gallery\/lib-19-04-05\/Lib-19-04-05_01.jpg\"\n             data-thumbnail=\"http:\/\/www.chm.photo\/jazz\/wp-content\/gallery\/lib-19-04-05\/thumbs\/thumbs_Lib-19-04-05_01.jpg\"\n             data-image-id=\"353\"\n             data-title=\"Lib-19-04-05_01\"\n             data-description=\"\"\n             target='_self'\n             class=\"ngg-fancybox\" rel=\"a609c1040f6cf2908fac93e1112e3b76\">\n            <img class=\"ngg-singlepic\"\n             src=\"http:\/\/www.chm.photo\/jazz\/wp-content\/gallery\/lib-19-04-05\/cache\/Lib-19-04-05_01.jpg-nggid03353-ngg0dyn-0x0x100-00f0w010c010r110f110r010t010.jpg\"\n             alt=\"Lib-19-04-05_01\"\n             title=\"Lib-19-04-05_01\"\n                           \/>\n    \t<\/a>\n\t\t      <\/div>\n        \n            \n\t\t<div class=\"ngg-gallery-singlepic-image \" style=\"\">\n\t\t\t    \t<a href=\"http:\/\/www.chm.photo\/jazz\/wp-content\/gallery\/lib-19-04-05\/Lib-19-04-05_02.jpg\"\n\t\t     title=\"\"\n             data-src=\"http:\/\/www.chm.photo\/jazz\/wp-content\/gallery\/lib-19-04-05\/Lib-19-04-05_02.jpg\"\n             data-thumbnail=\"http:\/\/www.chm.photo\/jazz\/wp-content\/gallery\/lib-19-04-05\/thumbs\/thumbs_Lib-19-04-05_02.jpg\"\n             data-image-id=\"354\"\n             data-title=\"Lib-19-04-05_02\"\n             data-description=\"\"\n             target='_self'\n             class=\"ngg-fancybox\" rel=\"3128023cb69b97e80b1906086bbf928b\">\n            <img class=\"ngg-singlepic\"\n             src=\"http:\/\/www.chm.photo\/jazz\/wp-content\/gallery\/lib-19-04-05\/cache\/Lib-19-04-05_02.jpg-nggid03354-ngg0dyn-0x0x100-00f0w010c010r110f110r010t010.jpg\"\n             alt=\"Lib-19-04-05_02\"\n             title=\"Lib-19-04-05_02\"\n                           \/>\n    \t<\/a>\n\t\t      <\/div>\n        \n            \n\t\t<div class=\"ngg-gallery-singlepic-image \" style=\"\">\n\t\t\t    \t<a href=\"http:\/\/www.chm.photo\/jazz\/wp-content\/gallery\/lib-19-04-05\/Lib-19-04-05_03.jpg\"\n\t\t     title=\"\"\n             data-src=\"http:\/\/www.chm.photo\/jazz\/wp-content\/gallery\/lib-19-04-05\/Lib-19-04-05_03.jpg\"\n             data-thumbnail=\"http:\/\/www.chm.photo\/jazz\/wp-content\/gallery\/lib-19-04-05\/thumbs\/thumbs_Lib-19-04-05_03.jpg\"\n             data-image-id=\"355\"\n             data-title=\"Lib-19-04-05_03\"\n             data-description=\"\"\n             target='_self'\n             class=\"ngg-fancybox\" rel=\"6fc7e7b40d17526f82dc747800e205ff\">\n            <img class=\"ngg-singlepic\"\n             src=\"http:\/\/www.chm.photo\/jazz\/wp-content\/gallery\/lib-19-04-05\/cache\/Lib-19-04-05_03.jpg-nggid03355-ngg0dyn-0x0x100-00f0w010c010r110f110r010t010.jpg\"\n             alt=\"Lib-19-04-05_03\"\n             title=\"Lib-19-04-05_03\"\n                           \/>\n    \t<\/a>\n\t\t      <\/div>\n        \n            \n\t\t<div class=\"ngg-gallery-singlepic-image \" style=\"\">\n\t\t\t    \t<a href=\"http:\/\/www.chm.photo\/jazz\/wp-content\/gallery\/lib-19-04-05\/Lib-19-04-05_04.jpg\"\n\t\t     title=\"\"\n             data-src=\"http:\/\/www.chm.photo\/jazz\/wp-content\/gallery\/lib-19-04-05\/Lib-19-04-05_04.jpg\"\n             data-thumbnail=\"http:\/\/www.chm.photo\/jazz\/wp-content\/gallery\/lib-19-04-05\/thumbs\/thumbs_Lib-19-04-05_04.jpg\"\n             data-image-id=\"356\"\n             data-title=\"Lib-19-04-05_04\"\n             data-description=\"\"\n             target='_self'\n             class=\"ngg-fancybox\" rel=\"b514c8c398df91dcaaf9c8b5b82f069e\">\n            <img class=\"ngg-singlepic\"\n             src=\"http:\/\/www.chm.photo\/jazz\/wp-content\/gallery\/lib-19-04-05\/cache\/Lib-19-04-05_04.jpg-nggid03356-ngg0dyn-0x0x100-00f0w010c010r110f110r010t010.jpg\"\n             alt=\"Lib-19-04-05_04\"\n             title=\"Lib-19-04-05_04\"\n                           \/>\n    \t<\/a>\n\t\t      <\/div>\n        \n            \n\t\t<div class=\"ngg-gallery-singlepic-image \" style=\"\">\n\t\t\t    \t<a href=\"http:\/\/www.chm.photo\/jazz\/wp-content\/gallery\/lib-19-04-05\/Lib-19-04-05_05.jpg\"\n\t\t     title=\"\"\n             data-src=\"http:\/\/www.chm.photo\/jazz\/wp-content\/gallery\/lib-19-04-05\/Lib-19-04-05_05.jpg\"\n             data-thumbnail=\"http:\/\/www.chm.photo\/jazz\/wp-content\/gallery\/lib-19-04-05\/thumbs\/thumbs_Lib-19-04-05_05.jpg\"\n             data-image-id=\"357\"\n             data-title=\"Lib-19-04-05_05\"\n             data-description=\"\"\n             target='_self'\n             class=\"ngg-fancybox\" rel=\"10c7f3561079718636e8cd8285d458e5\">\n            <img class=\"ngg-singlepic\"\n             src=\"http:\/\/www.chm.photo\/jazz\/wp-content\/gallery\/lib-19-04-05\/cache\/Lib-19-04-05_05.jpg-nggid03357-ngg0dyn-0x0x100-00f0w010c010r110f110r010t010.jpg\"\n             alt=\"Lib-19-04-05_05\"\n             title=\"Lib-19-04-05_05\"\n                           \/>\n    \t<\/a>\n\t\t      <\/div>\n        \n            \n\t\t<div class=\"ngg-gallery-singlepic-image \" style=\"\">\n\t\t\t    \t<a href=\"http:\/\/www.chm.photo\/jazz\/wp-content\/gallery\/lib-19-04-05\/Lib-19-04-05_06.jpg\"\n\t\t     title=\"\"\n             data-src=\"http:\/\/www.chm.photo\/jazz\/wp-content\/gallery\/lib-19-04-05\/Lib-19-04-05_06.jpg\"\n             data-thumbnail=\"http:\/\/www.chm.photo\/jazz\/wp-content\/gallery\/lib-19-04-05\/thumbs\/thumbs_Lib-19-04-05_06.jpg\"\n             data-image-id=\"358\"\n             data-title=\"Lib-19-04-05_06\"\n             data-description=\"\"\n             target='_self'\n             class=\"ngg-fancybox\" rel=\"480b9d0c7299be6bff822a70157c9bc1\">\n            <img class=\"ngg-singlepic\"\n             src=\"http:\/\/www.chm.photo\/jazz\/wp-content\/gallery\/lib-19-04-05\/cache\/Lib-19-04-05_06.jpg-nggid03358-ngg0dyn-0x0x100-00f0w010c010r110f110r010t010.jpg\"\n             alt=\"Lib-19-04-05_06\"\n             title=\"Lib-19-04-05_06\"\n                           \/>\n    \t<\/a>\n\t\t      <\/div>\n        \n            \n\t\t<div class=\"ngg-gallery-singlepic-image \" style=\"\">\n\t\t\t    \t<a href=\"http:\/\/www.chm.photo\/jazz\/wp-content\/gallery\/lib-19-04-05\/Lib-19-04-05_07.jpg\"\n\t\t     title=\"\"\n             data-src=\"http:\/\/www.chm.photo\/jazz\/wp-content\/gallery\/lib-19-04-05\/Lib-19-04-05_07.jpg\"\n             data-thumbnail=\"http:\/\/www.chm.photo\/jazz\/wp-content\/gallery\/lib-19-04-05\/thumbs\/thumbs_Lib-19-04-05_07.jpg\"\n             data-image-id=\"359\"\n             data-title=\"Lib-19-04-05_07\"\n             data-description=\"\"\n             target='_self'\n             class=\"ngg-fancybox\" rel=\"2bbebe0a450d69540dbf135256eea7cb\">\n            <img class=\"ngg-singlepic\"\n             src=\"http:\/\/www.chm.photo\/jazz\/wp-content\/gallery\/lib-19-04-05\/cache\/Lib-19-04-05_07.jpg-nggid03359-ngg0dyn-0x0x100-00f0w010c010r110f110r010t010.jpg\"\n             alt=\"Lib-19-04-05_07\"\n             title=\"Lib-19-04-05_07\"\n                           \/>\n    \t<\/a>\n\t\t      <\/div>\n        \n            \n\t\t<div class=\"ngg-gallery-singlepic-image \" style=\"\">\n\t\t\t    \t<a href=\"http:\/\/www.chm.photo\/jazz\/wp-content\/gallery\/lib-19-04-05\/Lib-19-04-05_08.jpg\"\n\t\t     title=\"\"\n             data-src=\"http:\/\/www.chm.photo\/jazz\/wp-content\/gallery\/lib-19-04-05\/Lib-19-04-05_08.jpg\"\n             data-thumbnail=\"http:\/\/www.chm.photo\/jazz\/wp-content\/gallery\/lib-19-04-05\/thumbs\/thumbs_Lib-19-04-05_08.jpg\"\n             data-image-id=\"360\"\n             data-title=\"Lib-19-04-05_08\"\n             data-description=\"\"\n             target='_self'\n             class=\"ngg-fancybox\" rel=\"ef99441e63921ebd62d4cac9721dd72c\">\n            <img class=\"ngg-singlepic\"\n             src=\"http:\/\/www.chm.photo\/jazz\/wp-content\/gallery\/lib-19-04-05\/cache\/Lib-19-04-05_08.jpg-nggid03360-ngg0dyn-0x0x100-00f0w010c010r110f110r010t010.jpg\"\n             alt=\"Lib-19-04-05_08\"\n             title=\"Lib-19-04-05_08\"\n                           \/>\n    \t<\/a>\n\t\t      <\/div>\n        \n            \n\t\t<div class=\"ngg-gallery-singlepic-image \" style=\"\">\n\t\t\t    \t<a href=\"http:\/\/www.chm.photo\/jazz\/wp-content\/gallery\/lib-19-04-05\/Lib-19-04-05_09.jpg\"\n\t\t     title=\"\"\n             data-src=\"http:\/\/www.chm.photo\/jazz\/wp-content\/gallery\/lib-19-04-05\/Lib-19-04-05_09.jpg\"\n             data-thumbnail=\"http:\/\/www.chm.photo\/jazz\/wp-content\/gallery\/lib-19-04-05\/thumbs\/thumbs_Lib-19-04-05_09.jpg\"\n             data-image-id=\"361\"\n             data-title=\"Lib-19-04-05_09\"\n             data-description=\"\"\n             target='_self'\n             class=\"ngg-fancybox\" rel=\"ab77d4790cd91838748ab5ec1d50a5dd\">\n            <img class=\"ngg-singlepic\"\n             src=\"http:\/\/www.chm.photo\/jazz\/wp-content\/gallery\/lib-19-04-05\/cache\/Lib-19-04-05_09.jpg-nggid03361-ngg0dyn-0x0x100-00f0w010c010r110f110r010t010.jpg\"\n             alt=\"Lib-19-04-05_09\"\n             title=\"Lib-19-04-05_09\"\n                           \/>\n    \t<\/a>\n\t\t      <\/div>\n        \n            \n\t\t<div class=\"ngg-gallery-singlepic-image \" style=\"\">\n\t\t\t    \t<a href=\"http:\/\/www.chm.photo\/jazz\/wp-content\/gallery\/lib-19-04-05\/Lib-19-04-05_10.jpg\"\n\t\t     title=\"\"\n             data-src=\"http:\/\/www.chm.photo\/jazz\/wp-content\/gallery\/lib-19-04-05\/Lib-19-04-05_10.jpg\"\n             data-thumbnail=\"http:\/\/www.chm.photo\/jazz\/wp-content\/gallery\/lib-19-04-05\/thumbs\/thumbs_Lib-19-04-05_10.jpg\"\n             data-image-id=\"362\"\n             data-title=\"Lib-19-04-05_10\"\n             data-description=\"\"\n             target='_self'\n             class=\"ngg-fancybox\" rel=\"a29e766e966f0c66e5e5051f93413649\">\n            <img class=\"ngg-singlepic\"\n             src=\"http:\/\/www.chm.photo\/jazz\/wp-content\/gallery\/lib-19-04-05\/cache\/Lib-19-04-05_10.jpg-nggid03362-ngg0dyn-0x0x100-00f0w010c010r110f110r010t010.jpg\"\n             alt=\"Lib-19-04-05_10\"\n             title=\"Lib-19-04-05_10\"\n                           \/>\n    \t<\/a>\n\t\t      <\/div>\n        \n            \n\t\t<div class=\"ngg-gallery-singlepic-image \" style=\"\">\n\t\t\t    \t<a href=\"http:\/\/www.chm.photo\/jazz\/wp-content\/gallery\/lib-19-04-05\/Lib-19-04-05_11.jpg\"\n\t\t     title=\"\"\n             data-src=\"http:\/\/www.chm.photo\/jazz\/wp-content\/gallery\/lib-19-04-05\/Lib-19-04-05_11.jpg\"\n             data-thumbnail=\"http:\/\/www.chm.photo\/jazz\/wp-content\/gallery\/lib-19-04-05\/thumbs\/thumbs_Lib-19-04-05_11.jpg\"\n             data-image-id=\"363\"\n             data-title=\"Lib-19-04-05_11\"\n             data-description=\"\"\n             target='_self'\n             class=\"ngg-fancybox\" rel=\"7c3db5a45b5a0bd3c9596d9f690611fe\">\n            <img class=\"ngg-singlepic\"\n             src=\"http:\/\/www.chm.photo\/jazz\/wp-content\/gallery\/lib-19-04-05\/cache\/Lib-19-04-05_11.jpg-nggid03363-ngg0dyn-0x0x100-00f0w010c010r110f110r010t010.jpg\"\n             alt=\"Lib-19-04-05_11\"\n             title=\"Lib-19-04-05_11\"\n                           \/>\n    \t<\/a>\n\t\t      <\/div>\n        \n            \n\t\t<div class=\"ngg-gallery-singlepic-image \" style=\"\">\n\t\t\t    \t<a href=\"http:\/\/www.chm.photo\/jazz\/wp-content\/gallery\/lib-19-04-05\/Lib-19-04-05_12.jpg\"\n\t\t     title=\"\"\n             data-src=\"http:\/\/www.chm.photo\/jazz\/wp-content\/gallery\/lib-19-04-05\/Lib-19-04-05_12.jpg\"\n             data-thumbnail=\"http:\/\/www.chm.photo\/jazz\/wp-content\/gallery\/lib-19-04-05\/thumbs\/thumbs_Lib-19-04-05_12.jpg\"\n             data-image-id=\"364\"\n             data-title=\"Lib-19-04-05_12\"\n             data-description=\"\"\n             target='_self'\n             class=\"ngg-fancybox\" rel=\"6bfd1f8d9ff22695c6f97a165fe09183\">\n            <img class=\"ngg-singlepic\"\n             src=\"http:\/\/www.chm.photo\/jazz\/wp-content\/gallery\/lib-19-04-05\/cache\/Lib-19-04-05_12.jpg-nggid03364-ngg0dyn-0x0x100-00f0w010c010r110f110r010t010.jpg\"\n             alt=\"Lib-19-04-05_12\"\n             title=\"Lib-19-04-05_12\"\n                           \/>\n    \t<\/a>\n\t\t      <\/div>\n        \n<p><\/p>\n<p><a href=\"http:\/\/www.chm.photo\/jazz\/le-festival-lac-in-blue-dannecy-edition-2019\/\">Retour en haut de la page<\/a><\/p>\n<p><a href=\"http:\/\/www.chm.photo\/jazz\/\">Retour \u00e0 l&#8217;accueil du site<\/a><\/p>","protected":false},"excerpt":{"rendered":"<p>EL COMITE &#8220;HAVANA JAZZ ALL STARS&#8221; Invit\u00e9s Ibrahim Maalouf &amp; Yilian Canizares Concert du Vendredi 5 Avril 2019Arcadium Annecy \u00c0 l\u2019instar de son mentor Chucho Vald\u00e9s, fondateur du groupe mythique Irakere, le brillant pianiste Harold-Lopez NUSSA r\u00e9unit la nouvelle g\u00e9n\u00e9ration des musiciens de jazz afro-cubain de La Havane pour un septet all stars exceptionnel ! [&hellip;]<\/p>\n","protected":false},"author":1,"featured_media":0,"parent":0,"menu_order":0,"comment_status":"closed","ping_status":"closed","template":"","meta":{"ngg_post_thumbnail":0},"_links":{"self":[{"href":"http:\/\/www.chm.photo\/jazz\/wp-json\/wp\/v2\/pages\/1327"}],"collection":[{"href":"http:\/\/www.chm.photo\/jazz\/wp-json\/wp\/v2\/pages"}],"about":[{"href":"http:\/\/www.chm.photo\/jazz\/wp-json\/wp\/v2\/types\/page"}],"author":[{"embeddable":true,"href":"http:\/\/www.chm.photo\/jazz\/wp-json\/wp\/v2\/users\/1"}],"replies":[{"embeddable":true,"href":"http:\/\/www.chm.photo\/jazz\/wp-json\/wp\/v2\/comments?post=1327"}],"version-history":[{"count":9,"href":"http:\/\/www.chm.photo\/jazz\/wp-json\/wp\/v2\/pages\/1327\/revisions"}],"predecessor-version":[{"id":1349,"href":"http:\/\/www.chm.photo\/jazz\/wp-json\/wp\/v2\/pages\/1327\/revisions\/1349"}],"wp:attachment":[{"href":"http:\/\/www.chm.photo\/jazz\/wp-json\/wp\/v2\/media?parent=1327"}],"curies":[{"name":"wp","href":"https:\/\/api.w.org\/{rel}","templated":true}]}}