{"id":1410,"date":"2019-08-27T08:20:47","date_gmt":"2019-08-27T06:20:47","guid":{"rendered":"http:\/\/www.chm.photo\/jazz\/?page_id=1410"},"modified":"2019-08-30T16:39:05","modified_gmt":"2019-08-30T14:39:05","slug":"festival-de-clermont-2019","status":"publish","type":"page","link":"http:\/\/www.chm.photo\/jazz\/festival-de-clermont-2019\/","title":{"rendered":"Festival de Clermont 2019"},"content":{"rendered":"\n<h2><a href=\"http:\/\/www.chm.photo\/jazz\/mike-wheeler-kai-strauss-the-capitol-horns\/\">Concert du vendredi 23 ao\u00fbt<\/a><\/h2>\n\n\n\n<h2><a href=\"http:\/\/www.chm.photo\/jazz\/mike-wheeler-kai-strauss-the-capitol-horns\/\">Mike WHEELER \/ Kai STRAUSS &amp; The Capitol Horns<\/a><\/h2>\n\n\n\n<h3><a href=\"http:\/\/www.chm.photo\/jazz\/mike-wheeler-kai-strauss-the-capitol-horns\/\">L\u2019excellence de la sc\u00e8ne Blues contemporaine de Chicago.<\/a><br><\/h3>\n\n\n\n<h3><a href=\"http:\/\/www.chm.photo\/jazz\/festival-de-clermont-2019\/mike-wheeler-kai-strauss-the-capitol-horns\/\">C&#8217;est ici >><\/a><\/h3>\n\n\n\n<div class=\"wp-block-image\"><figure class=\"aligncenter\"><a href=\"http:\/\/www.chm.photo\/jazz\/mike-wheeler-kai-strauss-the-capitol-horns\/\"><img loading=\"lazy\" width=\"800\" height=\"800\" src=\"http:\/\/www.chm.photo\/jazz\/wp-content\/uploads\/2019\/08\/19-08-23-1-2-11-Entete.jpg\" alt=\"\" class=\"wp-image-1445\" srcset=\"http:\/\/www.chm.photo\/jazz\/wp-content\/uploads\/2019\/08\/19-08-23-1-2-11-Entete.jpg 800w, http:\/\/www.chm.photo\/jazz\/wp-content\/uploads\/2019\/08\/19-08-23-1-2-11-Entete-768x768.jpg 768w\" sizes=\"(max-width: 800px) 100vw, 800px\" \/><\/a><\/figure><\/div>\n\n\n\n<h2><a href=\"http:\/\/www.chm.photo\/jazz\/hommage-a-count-basie\/\">Concert du dimanche 25 ao\u00fbt<\/a><\/h2>\n\n\n\n<h2><a href=\"http:\/\/www.chm.photo\/jazz\/hommage-a-count-basie\/\">Hommage \u00e0 Count BASIE<\/a><\/h2>\n\n\n\n<h3><a href=\"http:\/\/www.chm.photo\/jazz\/hommage-a-count-basie\/\">Le 5tet du pianiste Raphael LEMONNIER rend hommage au swing et \u00e0 la musique de Count Basie avec la complicit\u00e9 de la nouvelle \u00e9toile du Jazz vocal Tricia EVY.<\/a><\/h3>\n\n\n\n<h3><a href=\"http:\/\/www.chm.photo\/jazz\/festival-de-clermont-2019\/hommage-a-count-basie\/\">C&#8217;est ici >><\/a><\/h3>\n\n\n\n<figure class=\"wp-block-image\"><a href=\"http:\/\/www.chm.photo\/jazz\/hommage-a-count-basie\/\"><img loading=\"lazy\" width=\"800\" height=\"800\" src=\"http:\/\/www.chm.photo\/jazz\/wp-content\/uploads\/2019\/08\/19-08-25-1-Entete-08.jpg\" alt=\"\" class=\"wp-image-1487\" srcset=\"http:\/\/www.chm.photo\/jazz\/wp-content\/uploads\/2019\/08\/19-08-25-1-Entete-08.jpg 800w, http:\/\/www.chm.photo\/jazz\/wp-content\/uploads\/2019\/08\/19-08-25-1-Entete-08-768x768.jpg 768w\" sizes=\"(max-width: 800px) 100vw, 800px\" \/><\/a><\/figure>\n","protected":false},"excerpt":{"rendered":"<p>Concert du vendredi 23 ao\u00fbt Mike WHEELER \/ Kai STRAUSS &amp; The Capitol Horns L\u2019excellence de la sc\u00e8ne Blues contemporaine de Chicago. C&#8217;est ici >> Concert du dimanche 25 ao\u00fbt Hommage \u00e0 Count BASIE Le 5tet du pianiste Raphael LEMONNIER rend hommage au swing et \u00e0 la musique de Count Basie avec la complicit\u00e9 de [&hellip;]<\/p>\n","protected":false},"author":1,"featured_media":0,"parent":0,"menu_order":0,"comment_status":"closed","ping_status":"closed","template":"","meta":{"ngg_post_thumbnail":0},"_links":{"self":[{"href":"http:\/\/www.chm.photo\/jazz\/wp-json\/wp\/v2\/pages\/1410"}],"collection":[{"href":"http:\/\/www.chm.photo\/jazz\/wp-json\/wp\/v2\/pages"}],"about":[{"href":"http:\/\/www.chm.photo\/jazz\/wp-json\/wp\/v2\/types\/page"}],"author":[{"embeddable":true,"href":"http:\/\/www.chm.photo\/jazz\/wp-json\/wp\/v2\/users\/1"}],"replies":[{"embeddable":true,"href":"http:\/\/www.chm.photo\/jazz\/wp-json\/wp\/v2\/comments?post=1410"}],"version-history":[{"count":23,"href":"http:\/\/www.chm.photo\/jazz\/wp-json\/wp\/v2\/pages\/1410\/revisions"}],"predecessor-version":[{"id":1492,"href":"http:\/\/www.chm.photo\/jazz\/wp-json\/wp\/v2\/pages\/1410\/revisions\/1492"}],"wp:attachment":[{"href":"http:\/\/www.chm.photo\/jazz\/wp-json\/wp\/v2\/media?parent=1410"}],"curies":[{"name":"wp","href":"https:\/\/api.w.org\/{rel}","templated":true}]}}

<h2><a href="http://www.chm.photo/jazz/mike-wheeler-kai-strauss-the-capitol-horns/">Concert du vendredi 23 août</a></h2>



<h2><a href="http://www.chm.photo/jazz/mike-wheeler-kai-strauss-the-capitol-horns/">Mike WHEELER / Kai STRAUSS &amp; The Capitol Horns</a></h2>



<h3><a href="http://www.chm.photo/jazz/mike-wheeler-kai-strauss-the-capitol-horns/">L’excellence de la scène Blues contemporaine de Chicago.</a><br></h3>



<h3><a href="http://www.chm.photo/jazz/festival-de-clermont-2019/mike-wheeler-kai-strauss-the-capitol-horns/">C&#8217;est ici >></a></h3>



<div class="wp-block-image"><figure class="aligncenter"><a href="http://www.chm.photo/jazz/mike-wheeler-kai-strauss-the-capitol-horns/"><img loading="lazy" width="800" height="800" src="http://www.chm.photo/jazz/wp-content/uploads/2019/08/19-08-23-1-2-11-Entete.jpg" alt="" class="wp-image-1445" srcset="http://www.chm.photo/jazz/wp-content/uploads/2019/08/19-08-23-1-2-11-Entete.jpg 800w, http://www.chm.photo/jazz/wp-content/uploads/2019/08/19-08-23-1-2-11-Entete-768x768.jpg 768w" sizes="(max-width: 800px) 100vw, 800px" /></a></figure></div>



<h2><a href="http://www.chm.photo/jazz/hommage-a-count-basie/">Concert du dimanche 25 août</a></h2>



<h2><a href="http://www.chm.photo/jazz/hommage-a-count-basie/">Hommage à Count BASIE</a></h2>



<h3><a href="http://www.chm.photo/jazz/hommage-a-count-basie/">Le 5tet du pianiste Raphael LEMONNIER rend hommage au swing et à la musique de Count Basie avec la complicité de la nouvelle étoile du Jazz vocal Tricia EVY.</a></h3>



<h3><a href="http://www.chm.photo/jazz/festival-de-clermont-2019/hommage-a-count-basie/">C&#8217;est ici >></a></h3>



<figure class="wp-block-image"><a href="http://www.chm.photo/jazz/hommage-a-count-basie/"><img loading="lazy" width="800" height="800" src="http://www.chm.photo/jazz/wp-content/uploads/2019/08/19-08-25-1-Entete-08.jpg" alt="" class="wp-image-1487" srcset="http://www.chm.photo/jazz/wp-content/uploads/2019/08/19-08-25-1-Entete-08.jpg 800w, http://www.chm.photo/jazz/wp-content/uploads/2019/08/19-08-25-1-Entete-08-768x768.jpg 768w" sizes="(max-width: 800px) 100vw, 800px" /></a></figure>

<p>Concert du vendredi 23 août Mike WHEELER / Kai STRAUSS &amp; The Capitol Horns L’excellence de la scène Blues contemporaine de Chicago. C&#8217;est ici >> Concert du dimanche 25 août Hommage à Count BASIE Le 5tet du pianiste Raphael LEMONNIER rend hommage au swing et à la musique de Count Basie avec la complicité de [&hellip;]</p>
