{"id":242,"date":"2017-07-25T10:11:26","date_gmt":"2017-07-25T08:11:26","guid":{"rendered":"http:\/\/www.chm.photo\/jazz\/?page_id=242"},"modified":"2018-11-12T20:05:49","modified_gmt":"2018-11-12T19:05:49","slug":"lucy-dixon","status":"publish","type":"page","link":"http:\/\/www.chm.photo\/jazz\/jazz-club-dannecy\/jazz-club-dannecy-saison-2016-2017\/lucy-dixon\/","title":{"rendered":"Lucy Dixon"},"content":{"rendered":"<p>En d\u00e9cembre 2016, soir\u00e9e avec la charmante Lucy Dixon qui nous a interpr\u00e9t\u00e9 des standards des ann\u00e9es 30 et 40 sans oublier ses claquettes.<br \/>\n            \n\t\t<div class=\"ngg-gallery-singlepic-image \" style=\"\">\n\t\t\t    \t<a href=\"http:\/\/www.chm.photo\/jazz\/wp-content\/gallery\/16-12-15\/16-12-15-001.JPG\"\n\t\t     title=\"\"\n             data-src=\"http:\/\/www.chm.photo\/jazz\/wp-content\/gallery\/16-12-15\/16-12-15-001.JPG\"\n             data-thumbnail=\"http:\/\/www.chm.photo\/jazz\/wp-content\/gallery\/16-12-15\/thumbs\/thumbs_16-12-15-001.JPG\"\n             data-image-id=\"62\"\n             data-title=\"16-12-15-001\"\n             data-description=\"\"\n             target='_self'\n             class=\"ngg-fancybox\" rel=\"bda2e2bbba0da4ba695943f88f1fc72d\">\n            <img class=\"ngg-singlepic\"\n             src=\"http:\/\/www.chm.photo\/jazz\/wp-content\/gallery\/16-12-15\/cache\/16-12-15-001.JPG-nggid0262-ngg0dyn-0x0x100-00f0w010c010r110f110r010t010.JPG\"\n             alt=\"16-12-15-001\"\n             title=\"16-12-15-001\"\n                           \/>\n    \t<\/a>\n\t\t      <\/div>\n        <\/p>\n            \n\t\t<div class=\"ngg-gallery-singlepic-image \" style=\"\">\n\t\t\t    \t<a href=\"http:\/\/www.chm.photo\/jazz\/wp-content\/gallery\/16-12-15\/16-12-15-002.JPG\"\n\t\t     title=\"\"\n             data-src=\"http:\/\/www.chm.photo\/jazz\/wp-content\/gallery\/16-12-15\/16-12-15-002.JPG\"\n             data-thumbnail=\"http:\/\/www.chm.photo\/jazz\/wp-content\/gallery\/16-12-15\/thumbs\/thumbs_16-12-15-002.JPG\"\n             data-image-id=\"63\"\n             data-title=\"16-12-15-002\"\n             data-description=\"\"\n             target='_self'\n             class=\"ngg-fancybox\" rel=\"f29203a68cee125316fcc5bef1a01c7e\">\n            <img class=\"ngg-singlepic\"\n             src=\"http:\/\/www.chm.photo\/jazz\/wp-content\/gallery\/16-12-15\/cache\/16-12-15-002.JPG-nggid0263-ngg0dyn-0x0x100-00f0w010c010r110f110r010t010.JPG\"\n             alt=\"16-12-15-002\"\n             title=\"16-12-15-002\"\n                           \/>\n    \t<\/a>\n\t\t      <\/div>\n        \n            \n\t\t<div class=\"ngg-gallery-singlepic-image \" style=\"\">\n\t\t\t    \t<a href=\"http:\/\/www.chm.photo\/jazz\/wp-content\/gallery\/16-12-15\/16-12-15-003.JPG\"\n\t\t     title=\"\"\n             data-src=\"http:\/\/www.chm.photo\/jazz\/wp-content\/gallery\/16-12-15\/16-12-15-003.JPG\"\n             data-thumbnail=\"http:\/\/www.chm.photo\/jazz\/wp-content\/gallery\/16-12-15\/thumbs\/thumbs_16-12-15-003.JPG\"\n             data-image-id=\"64\"\n             data-title=\"16-12-15-003\"\n             data-description=\"\"\n             target='_self'\n             class=\"ngg-fancybox\" rel=\"220eea750a6d1879d29f237635c84b46\">\n            <img class=\"ngg-singlepic\"\n             src=\"http:\/\/www.chm.photo\/jazz\/wp-content\/gallery\/16-12-15\/cache\/16-12-15-003.JPG-nggid0264-ngg0dyn-0x0x100-00f0w010c010r110f110r010t010.JPG\"\n             alt=\"16-12-15-003\"\n             title=\"16-12-15-003\"\n                           \/>\n    \t<\/a>\n\t\t      <\/div>\n        \n            \n\t\t<div class=\"ngg-gallery-singlepic-image \" style=\"\">\n\t\t\t    \t<a href=\"http:\/\/www.chm.photo\/jazz\/wp-content\/gallery\/16-12-15\/16-12-15-004.JPG\"\n\t\t     title=\"\"\n             data-src=\"http:\/\/www.chm.photo\/jazz\/wp-content\/gallery\/16-12-15\/16-12-15-004.JPG\"\n             data-thumbnail=\"http:\/\/www.chm.photo\/jazz\/wp-content\/gallery\/16-12-15\/thumbs\/thumbs_16-12-15-004.JPG\"\n             data-image-id=\"65\"\n             data-title=\"16-12-15-004\"\n             data-description=\"\"\n             target='_self'\n             class=\"ngg-fancybox\" rel=\"a63cd62d002ae67b5f645c4bfe0d2960\">\n            <img class=\"ngg-singlepic\"\n             src=\"http:\/\/www.chm.photo\/jazz\/wp-content\/gallery\/16-12-15\/cache\/16-12-15-004.JPG-nggid0265-ngg0dyn-0x0x100-00f0w010c010r110f110r010t010.JPG\"\n             alt=\"16-12-15-004\"\n             title=\"16-12-15-004\"\n                           \/>\n    \t<\/a>\n\t\t      <\/div>\n        \n            \n\t\t<div class=\"ngg-gallery-singlepic-image \" style=\"\">\n\t\t\t    \t<a href=\"http:\/\/www.chm.photo\/jazz\/wp-content\/gallery\/16-12-15\/16-12-15-005.JPG\"\n\t\t     title=\"\"\n             data-src=\"http:\/\/www.chm.photo\/jazz\/wp-content\/gallery\/16-12-15\/16-12-15-005.JPG\"\n             data-thumbnail=\"http:\/\/www.chm.photo\/jazz\/wp-content\/gallery\/16-12-15\/thumbs\/thumbs_16-12-15-005.JPG\"\n             data-image-id=\"66\"\n             data-title=\"16-12-15-005\"\n             data-description=\"\"\n             target='_self'\n             class=\"ngg-fancybox\" rel=\"575c770e4d19d1f6866d16cb0cf02471\">\n            <img class=\"ngg-singlepic\"\n             src=\"http:\/\/www.chm.photo\/jazz\/wp-content\/gallery\/16-12-15\/cache\/16-12-15-005.JPG-nggid0266-ngg0dyn-0x0x100-00f0w010c010r110f110r010t010.JPG\"\n             alt=\"16-12-15-005\"\n             title=\"16-12-15-005\"\n                           \/>\n    \t<\/a>\n\t\t      <\/div>\n        \n            \n\t\t<div class=\"ngg-gallery-singlepic-image \" style=\"\">\n\t\t\t    \t<a href=\"http:\/\/www.chm.photo\/jazz\/wp-content\/gallery\/16-12-15\/16-12-15-006.JPG\"\n\t\t     title=\"\"\n             data-src=\"http:\/\/www.chm.photo\/jazz\/wp-content\/gallery\/16-12-15\/16-12-15-006.JPG\"\n             data-thumbnail=\"http:\/\/www.chm.photo\/jazz\/wp-content\/gallery\/16-12-15\/thumbs\/thumbs_16-12-15-006.JPG\"\n             data-image-id=\"67\"\n             data-title=\"16-12-15-006\"\n             data-description=\"\"\n             target='_self'\n             class=\"ngg-fancybox\" rel=\"118aa3fbe80ffe8c28704efc45066493\">\n            <img class=\"ngg-singlepic\"\n             src=\"http:\/\/www.chm.photo\/jazz\/wp-content\/gallery\/16-12-15\/cache\/16-12-15-006.JPG-nggid0267-ngg0dyn-0x0x100-00f0w010c010r110f110r010t010.JPG\"\n             alt=\"16-12-15-006\"\n             title=\"16-12-15-006\"\n                           \/>\n    \t<\/a>\n\t\t      <\/div>\n        \n            \n\t\t<div class=\"ngg-gallery-singlepic-image \" style=\"\">\n\t\t\t    \t<a href=\"http:\/\/www.chm.photo\/jazz\/wp-content\/gallery\/16-12-15\/16-12-15-007.JPG\"\n\t\t     title=\"\"\n             data-src=\"http:\/\/www.chm.photo\/jazz\/wp-content\/gallery\/16-12-15\/16-12-15-007.JPG\"\n             data-thumbnail=\"http:\/\/www.chm.photo\/jazz\/wp-content\/gallery\/16-12-15\/thumbs\/thumbs_16-12-15-007.JPG\"\n             data-image-id=\"68\"\n             data-title=\"16-12-15-007\"\n             data-description=\"\"\n             target='_self'\n             class=\"ngg-fancybox\" rel=\"707956c12be042a543f83fc66637a450\">\n            <img class=\"ngg-singlepic\"\n             src=\"http:\/\/www.chm.photo\/jazz\/wp-content\/gallery\/16-12-15\/cache\/16-12-15-007.JPG-nggid0268-ngg0dyn-0x0x100-00f0w010c010r110f110r010t010.JPG\"\n             alt=\"16-12-15-007\"\n             title=\"16-12-15-007\"\n                           \/>\n    \t<\/a>\n\t\t      <\/div>\n        \n<p><a href=\"http:\/\/www.chm.photo\/jazz\/jazz-club-dannecy-saison-2016-2017\/\">Retour \u00e0 la saison 2016-2017 Jazz Club d&#8217;Annecy<\/a><\/p>\n<p><a href=\"http:\/\/www.chm.photo\/jazz\">Retour \u00e0 l&#8217;accueil de jazz.chm.photo<\/a><\/p>\n","protected":false},"excerpt":{"rendered":"<p>En d\u00e9cembre 2016, soir\u00e9e avec la charmante Lucy Dixon qui nous a interpr\u00e9t\u00e9 des standards des ann\u00e9es 30 et 40 sans oublier ses claquettes. Retour \u00e0 la saison 2016-2017 Jazz Club d&#8217;Annecy Retour \u00e0 l&#8217;accueil de jazz.chm.photo<\/p>\n","protected":false},"author":2,"featured_media":541,"parent":247,"menu_order":10,"comment_status":"closed","ping_status":"closed","template":"","meta":{"ngg_post_thumbnail":0},"_links":{"self":[{"href":"http:\/\/www.chm.photo\/jazz\/wp-json\/wp\/v2\/pages\/242"}],"collection":[{"href":"http:\/\/www.chm.photo\/jazz\/wp-json\/wp\/v2\/pages"}],"about":[{"href":"http:\/\/www.chm.photo\/jazz\/wp-json\/wp\/v2\/types\/page"}],"author":[{"embeddable":true,"href":"http:\/\/www.chm.photo\/jazz\/wp-json\/wp\/v2\/users\/2"}],"replies":[{"embeddable":true,"href":"http:\/\/www.chm.photo\/jazz\/wp-json\/wp\/v2\/comments?post=242"}],"version-history":[{"count":3,"href":"http:\/\/www.chm.photo\/jazz\/wp-json\/wp\/v2\/pages\/242\/revisions"}],"predecessor-version":[{"id":253,"href":"http:\/\/www.chm.photo\/jazz\/wp-json\/wp\/v2\/pages\/242\/revisions\/253"}],"up":[{"embeddable":true,"href":"http:\/\/www.chm.photo\/jazz\/wp-json\/wp\/v2\/pages\/247"}],"wp:featuredmedia":[{"embeddable":true,"href":"http:\/\/www.chm.photo\/jazz\/wp-json\/wp\/v2\/media\/541"}],"wp:attachment":[{"href":"http:\/\/www.chm.photo\/jazz\/wp-json\/wp\/v2\/media?parent=242"}],"curies":[{"name":"wp","href":"https:\/\/api.w.org\/{rel}","templated":true}]}}