{"id":297,"date":"2017-07-25T12:52:24","date_gmt":"2017-07-25T10:52:24","guid":{"rendered":"http:\/\/www.chm.photo\/jazz\/?page_id=297"},"modified":"2018-01-05T10:54:37","modified_gmt":"2018-01-05T09:54:37","slug":"martin-jacobsen-quartet","status":"publish","type":"page","link":"http:\/\/www.chm.photo\/jazz\/jazz-club-dannecy\/jazz-club-dannecy-saison-2016-2017\/martin-jacobsen-quartet\/","title":{"rendered":"Martin Jacobsen quartet"},"content":{"rendered":"<p>&#8220;Saxophoniste vedette danois \u00e0 la sonorit\u00e9 ample et fluide &#8221; (Jazzman) , Martin Jacobsen se produit aux quatre coins de la plan\u00e8te. Il a travaill\u00e9 avec une foule de talentueux musiciens et notamment le l\u00e9gendaire David Sanborn avec lequel il a partag\u00e9 les sc\u00e8nes des plus grands festivals de Jazz.<\/p>\n<p>C&#8217;est avec son brillant quartet international compos\u00e9 du pianiste japonais Hiroshi Murayama, du bassiste allemand Martin Zenker,<br \/>\net du batteur anglais, Mark Taylor, qu&#8217;il vient nous pr\u00e9senter la musique de son album &#8220;Live inTokyo&#8221;, produit par SteepleChase Records.<br \/>\nUne le\u00e7on de saxophone.&#8221; ( Jazz Magazine).<\/p>\n            \n\t\t<div class=\"ngg-gallery-singlepic-image \" style=\"\">\n\t\t\t    \t<a href=\"http:\/\/www.chm.photo\/jazz\/wp-content\/gallery\/jca-17-02-08\/17-02-08-001.JPG\"\n\t\t     title=\"\"\n             data-src=\"http:\/\/www.chm.photo\/jazz\/wp-content\/gallery\/jca-17-02-08\/17-02-08-001.JPG\"\n             data-thumbnail=\"http:\/\/www.chm.photo\/jazz\/wp-content\/gallery\/jca-17-02-08\/thumbs\/thumbs_17-02-08-001.JPG\"\n             data-image-id=\"76\"\n             data-title=\"17-02-08-001\"\n             data-description=\"\"\n             target='_self'\n             class=\"ngg-fancybox\" rel=\"3a516fe7e11d683b4c5c45cf6c0ab325\">\n            <img class=\"ngg-singlepic\"\n             src=\"http:\/\/www.chm.photo\/jazz\/wp-content\/gallery\/jca-17-02-08\/cache\/17-02-08-001.JPG-nggid0276-ngg0dyn-0x0x100-00f0w010c010r110f110r010t010.JPG\"\n             alt=\"17-02-08-001\"\n             title=\"17-02-08-001\"\n                           \/>\n    \t<\/a>\n\t\t      <\/div>\n        \n            \n\t\t<div class=\"ngg-gallery-singlepic-image \" style=\"\">\n\t\t\t    \t<a href=\"http:\/\/www.chm.photo\/jazz\/wp-content\/gallery\/jca-17-02-08\/17-02-08-002.JPG\"\n\t\t     title=\"\"\n             data-src=\"http:\/\/www.chm.photo\/jazz\/wp-content\/gallery\/jca-17-02-08\/17-02-08-002.JPG\"\n             data-thumbnail=\"http:\/\/www.chm.photo\/jazz\/wp-content\/gallery\/jca-17-02-08\/thumbs\/thumbs_17-02-08-002.JPG\"\n             data-image-id=\"77\"\n             data-title=\"17-02-08-002\"\n             data-description=\"\"\n             target='_self'\n             class=\"ngg-fancybox\" rel=\"811fb556d615da9f0a7cb87555c62f86\">\n            <img class=\"ngg-singlepic\"\n             src=\"http:\/\/www.chm.photo\/jazz\/wp-content\/gallery\/jca-17-02-08\/cache\/17-02-08-002.JPG-nggid0277-ngg0dyn-0x0x100-00f0w010c010r110f110r010t010.JPG\"\n             alt=\"17-02-08-002\"\n             title=\"17-02-08-002\"\n                           \/>\n    \t<\/a>\n\t\t      <\/div>\n        \n            \n\t\t<div class=\"ngg-gallery-singlepic-image \" style=\"\">\n\t\t\t    \t<a href=\"http:\/\/www.chm.photo\/jazz\/wp-content\/gallery\/jca-17-02-08\/17-02-08-003.JPG\"\n\t\t     title=\"\"\n             data-src=\"http:\/\/www.chm.photo\/jazz\/wp-content\/gallery\/jca-17-02-08\/17-02-08-003.JPG\"\n             data-thumbnail=\"http:\/\/www.chm.photo\/jazz\/wp-content\/gallery\/jca-17-02-08\/thumbs\/thumbs_17-02-08-003.JPG\"\n             data-image-id=\"78\"\n             data-title=\"17-02-08-003\"\n             data-description=\"\"\n             target='_self'\n             class=\"ngg-fancybox\" rel=\"bd2db2fab42f0fbdbe2bb0b42adb3911\">\n            <img class=\"ngg-singlepic\"\n             src=\"http:\/\/www.chm.photo\/jazz\/wp-content\/gallery\/jca-17-02-08\/cache\/17-02-08-003.JPG-nggid0278-ngg0dyn-0x0x100-00f0w010c010r110f110r010t010.JPG\"\n             alt=\"17-02-08-003\"\n             title=\"17-02-08-003\"\n                           \/>\n    \t<\/a>\n\t\t      <\/div>\n        \n            \n\t\t<div class=\"ngg-gallery-singlepic-image \" style=\"\">\n\t\t\t    \t<a href=\"http:\/\/www.chm.photo\/jazz\/wp-content\/gallery\/jca-17-02-08\/17-02-08-004.JPG\"\n\t\t     title=\"\"\n             data-src=\"http:\/\/www.chm.photo\/jazz\/wp-content\/gallery\/jca-17-02-08\/17-02-08-004.JPG\"\n             data-thumbnail=\"http:\/\/www.chm.photo\/jazz\/wp-content\/gallery\/jca-17-02-08\/thumbs\/thumbs_17-02-08-004.JPG\"\n             data-image-id=\"79\"\n             data-title=\"17-02-08-004\"\n             data-description=\"\"\n             target='_self'\n             class=\"ngg-fancybox\" rel=\"f4a2aeaaab7ade5e727f91b84c9bacf9\">\n            <img class=\"ngg-singlepic\"\n             src=\"http:\/\/www.chm.photo\/jazz\/wp-content\/gallery\/jca-17-02-08\/cache\/17-02-08-004.JPG-nggid0279-ngg0dyn-0x0x100-00f0w010c010r110f110r010t010.JPG\"\n             alt=\"17-02-08-004\"\n             title=\"17-02-08-004\"\n                           \/>\n    \t<\/a>\n\t\t      <\/div>\n        \n            \n\t\t<div class=\"ngg-gallery-singlepic-image \" style=\"\">\n\t\t\t    \t<a href=\"http:\/\/www.chm.photo\/jazz\/wp-content\/gallery\/jca-17-02-08\/17-02-08-005.JPG\"\n\t\t     title=\"\"\n             data-src=\"http:\/\/www.chm.photo\/jazz\/wp-content\/gallery\/jca-17-02-08\/17-02-08-005.JPG\"\n             data-thumbnail=\"http:\/\/www.chm.photo\/jazz\/wp-content\/gallery\/jca-17-02-08\/thumbs\/thumbs_17-02-08-005.JPG\"\n             data-image-id=\"80\"\n             data-title=\"17-02-08-005\"\n             data-description=\"\"\n             target='_self'\n             class=\"ngg-fancybox\" rel=\"65f8fe5443fca12c978ddbd6d7068231\">\n            <img class=\"ngg-singlepic\"\n             src=\"http:\/\/www.chm.photo\/jazz\/wp-content\/gallery\/jca-17-02-08\/cache\/17-02-08-005.JPG-nggid0280-ngg0dyn-0x0x100-00f0w010c010r110f110r010t010.JPG\"\n             alt=\"17-02-08-005\"\n             title=\"17-02-08-005\"\n                           \/>\n    \t<\/a>\n\t\t      <\/div>\n        \n            \n\t\t<div class=\"ngg-gallery-singlepic-image \" style=\"\">\n\t\t\t    \t<a href=\"http:\/\/www.chm.photo\/jazz\/wp-content\/gallery\/jca-17-02-08\/17-02-08-006.JPG\"\n\t\t     title=\"\"\n             data-src=\"http:\/\/www.chm.photo\/jazz\/wp-content\/gallery\/jca-17-02-08\/17-02-08-006.JPG\"\n             data-thumbnail=\"http:\/\/www.chm.photo\/jazz\/wp-content\/gallery\/jca-17-02-08\/thumbs\/thumbs_17-02-08-006.JPG\"\n             data-image-id=\"81\"\n             data-title=\"17-02-08-006\"\n             data-description=\"\"\n             target='_self'\n             class=\"ngg-fancybox\" rel=\"a183b17b7bf4fae9aa72511c19de4739\">\n            <img class=\"ngg-singlepic\"\n             src=\"http:\/\/www.chm.photo\/jazz\/wp-content\/gallery\/jca-17-02-08\/cache\/17-02-08-006.JPG-nggid0281-ngg0dyn-0x0x100-00f0w010c010r110f110r010t010.JPG\"\n             alt=\"17-02-08-006\"\n             title=\"17-02-08-006\"\n                           \/>\n    \t<\/a>\n\t\t      <\/div>\n        \n            \n\t\t<div class=\"ngg-gallery-singlepic-image \" style=\"\">\n\t\t\t    \t<a href=\"http:\/\/www.chm.photo\/jazz\/wp-content\/gallery\/jca-17-02-08\/17-02-08-007.JPG\"\n\t\t     title=\"\"\n             data-src=\"http:\/\/www.chm.photo\/jazz\/wp-content\/gallery\/jca-17-02-08\/17-02-08-007.JPG\"\n             data-thumbnail=\"http:\/\/www.chm.photo\/jazz\/wp-content\/gallery\/jca-17-02-08\/thumbs\/thumbs_17-02-08-007.JPG\"\n             data-image-id=\"82\"\n             data-title=\"17-02-08-007\"\n             data-description=\"\"\n             target='_self'\n             class=\"ngg-fancybox\" rel=\"2e54fafd8601ebd3562d8e40d83a850a\">\n            <img class=\"ngg-singlepic\"\n             src=\"http:\/\/www.chm.photo\/jazz\/wp-content\/gallery\/jca-17-02-08\/cache\/17-02-08-007.JPG-nggid0282-ngg0dyn-0x0x100-00f0w010c010r110f110r010t010.JPG\"\n             alt=\"17-02-08-007\"\n             title=\"17-02-08-007\"\n                           \/>\n    \t<\/a>\n\t\t      <\/div>\n        \n            \n\t\t<div class=\"ngg-gallery-singlepic-image \" style=\"\">\n\t\t\t    \t<a href=\"http:\/\/www.chm.photo\/jazz\/wp-content\/gallery\/jca-17-02-08\/17-02-08-008.JPG\"\n\t\t     title=\"\"\n             data-src=\"http:\/\/www.chm.photo\/jazz\/wp-content\/gallery\/jca-17-02-08\/17-02-08-008.JPG\"\n             data-thumbnail=\"http:\/\/www.chm.photo\/jazz\/wp-content\/gallery\/jca-17-02-08\/thumbs\/thumbs_17-02-08-008.JPG\"\n             data-image-id=\"83\"\n             data-title=\"17-02-08-008\"\n             data-description=\"\"\n             target='_self'\n             class=\"ngg-fancybox\" rel=\"95612f42ad142684399b084f9df7b293\">\n            <img class=\"ngg-singlepic\"\n             src=\"http:\/\/www.chm.photo\/jazz\/wp-content\/gallery\/jca-17-02-08\/cache\/17-02-08-008.JPG-nggid0283-ngg0dyn-0x0x100-00f0w010c010r110f110r010t010.JPG\"\n             alt=\"17-02-08-008\"\n             title=\"17-02-08-008\"\n                           \/>\n    \t<\/a>\n\t\t      <\/div>\n        \n            \n\t\t<div class=\"ngg-gallery-singlepic-image \" style=\"\">\n\t\t\t    \t<a href=\"http:\/\/www.chm.photo\/jazz\/wp-content\/gallery\/jca-17-02-08\/17-02-08-009.JPG\"\n\t\t     title=\"\"\n             data-src=\"http:\/\/www.chm.photo\/jazz\/wp-content\/gallery\/jca-17-02-08\/17-02-08-009.JPG\"\n             data-thumbnail=\"http:\/\/www.chm.photo\/jazz\/wp-content\/gallery\/jca-17-02-08\/thumbs\/thumbs_17-02-08-009.JPG\"\n             data-image-id=\"84\"\n             data-title=\"17-02-08-009\"\n             data-description=\"\"\n             target='_self'\n             class=\"ngg-fancybox\" rel=\"41715b0c66526f23d538a85a6d848495\">\n            <img class=\"ngg-singlepic\"\n             src=\"http:\/\/www.chm.photo\/jazz\/wp-content\/gallery\/jca-17-02-08\/cache\/17-02-08-009.JPG-nggid0284-ngg0dyn-0x0x100-00f0w010c010r110f110r010t010.JPG\"\n             alt=\"17-02-08-009\"\n             title=\"17-02-08-009\"\n                           \/>\n    \t<\/a>\n\t\t      <\/div>\n        \n            \n\t\t<div class=\"ngg-gallery-singlepic-image \" style=\"\">\n\t\t\t    \t<a href=\"http:\/\/www.chm.photo\/jazz\/wp-content\/gallery\/jca-17-02-08\/17-02-08-010.JPG\"\n\t\t     title=\"\"\n             data-src=\"http:\/\/www.chm.photo\/jazz\/wp-content\/gallery\/jca-17-02-08\/17-02-08-010.JPG\"\n             data-thumbnail=\"http:\/\/www.chm.photo\/jazz\/wp-content\/gallery\/jca-17-02-08\/thumbs\/thumbs_17-02-08-010.JPG\"\n             data-image-id=\"85\"\n             data-title=\"17-02-08-010\"\n             data-description=\"\"\n             target='_self'\n             class=\"ngg-fancybox\" rel=\"85228c171012bd90503e872c59bc9563\">\n            <img class=\"ngg-singlepic\"\n             src=\"http:\/\/www.chm.photo\/jazz\/wp-content\/gallery\/jca-17-02-08\/cache\/17-02-08-010.JPG-nggid0285-ngg0dyn-0x0x100-00f0w010c010r110f110r010t010.JPG\"\n             alt=\"17-02-08-010\"\n             title=\"17-02-08-010\"\n                           \/>\n    \t<\/a>\n\t\t      <\/div>\n        \n<p><a href=\"http:\/\/www.chm.photo\/jazz\/jazz-club-dannecy-saison-2016-2017\/\">Retour \u00e0 la saison 2016-2017 Jazz Club d&#8217;Annecy<\/a><\/p>\n<p><a href=\"http:\/\/www.chm.photo\/jazz\">Retour \u00e0 l&#8217;accueil de jazz.chm.photo<\/a><\/p>\n","protected":false},"excerpt":{"rendered":"<p>&#8220;Saxophoniste vedette danois \u00e0 la sonorit\u00e9 ample et fluide &#8221; (Jazzman) , Martin Jacobsen se produit aux quatre coins de la plan\u00e8te. Il a travaill\u00e9 avec une foule de talentueux musiciens et notamment le l\u00e9gendaire David Sanborn avec lequel il a partag\u00e9 les sc\u00e8nes des plus grands festivals de Jazz. C&#8217;est avec son brillant quartet [&hellip;]<\/p>\n","protected":false},"author":2,"featured_media":0,"parent":247,"menu_order":30,"comment_status":"closed","ping_status":"closed","template":"","meta":{"ngg_post_thumbnail":0},"_links":{"self":[{"href":"http:\/\/www.chm.photo\/jazz\/wp-json\/wp\/v2\/pages\/297"}],"collection":[{"href":"http:\/\/www.chm.photo\/jazz\/wp-json\/wp\/v2\/pages"}],"about":[{"href":"http:\/\/www.chm.photo\/jazz\/wp-json\/wp\/v2\/types\/page"}],"author":[{"embeddable":true,"href":"http:\/\/www.chm.photo\/jazz\/wp-json\/wp\/v2\/users\/2"}],"replies":[{"embeddable":true,"href":"http:\/\/www.chm.photo\/jazz\/wp-json\/wp\/v2\/comments?post=297"}],"version-history":[{"count":3,"href":"http:\/\/www.chm.photo\/jazz\/wp-json\/wp\/v2\/pages\/297\/revisions"}],"predecessor-version":[{"id":695,"href":"http:\/\/www.chm.photo\/jazz\/wp-json\/wp\/v2\/pages\/297\/revisions\/695"}],"up":[{"embeddable":true,"href":"http:\/\/www.chm.photo\/jazz\/wp-json\/wp\/v2\/pages\/247"}],"wp:attachment":[{"href":"http:\/\/www.chm.photo\/jazz\/wp-json\/wp\/v2\/media?parent=297"}],"curies":[{"name":"wp","href":"https:\/\/api.w.org\/{rel}","templated":true}]}}