{"id":326,"date":"2017-08-28T22:37:38","date_gmt":"2017-08-28T20:37:38","guid":{"rendered":"http:\/\/www.chm.photo\/jazz\/?page_id=326"},"modified":"2018-11-17T12:30:14","modified_gmt":"2018-11-17T11:30:14","slug":"festival-chateau-de-clermont-2017-19eme-edition","status":"publish","type":"page","link":"http:\/\/www.chm.photo\/jazz\/festival-chateau-de-clermont-2017-19eme-edition\/","title":{"rendered":"19 \u00e8me \u00e9dition du festival du Ch\u00e2teau de Clermont 2017"},"content":{"rendered":"<p><a href=\"http:\/\/www.chm.photo\/jazz\/festival-chateau-de-clermont-2017-19eme-edition\/andrea-motis\/\">Andr\u00e9a MOTIS<\/a><\/p>\n<p><a href=\"http:\/\/www.chm.photo\/jazz\/festival-chateau-de-clermont-2017-19eme-edition\/andrea-motis\/\"><img loading=\"lazy\" class=\"wp-image-447 aligncenter\" src=\"http:\/\/www.chm.photo\/jazz\/wp-content\/uploads\/2017\/08\/Concert_2-001.jpg\" alt=\"\" width=\"500\" height=\"500\" srcset=\"http:\/\/www.chm.photo\/jazz\/wp-content\/uploads\/2017\/08\/Concert_2-001.jpg 800w, http:\/\/www.chm.photo\/jazz\/wp-content\/uploads\/2017\/08\/Concert_2-001-150x150.jpg 150w, http:\/\/www.chm.photo\/jazz\/wp-content\/uploads\/2017\/08\/Concert_2-001-300x300.jpg 300w, http:\/\/www.chm.photo\/jazz\/wp-content\/uploads\/2017\/08\/Concert_2-001-768x768.jpg 768w, http:\/\/www.chm.photo\/jazz\/wp-content\/uploads\/2017\/08\/Concert_2-001-100x100.jpg 100w\" sizes=\"(max-width: 500px) 100vw, 500px\" \/><\/a><\/p>\n<p><a href=\"http:\/\/www.chm.photo\/jazz\/festival-chateau-de-clermont-2017-19eme-edition\/laurent-courthaliac-8tet\/\">Laurent COURTHALIAC 8tet et les musiques de Woody Allen<\/a><\/p>\n<p><a href=\"http:\/\/www.chm.photo\/jazz\/festival-chateau-de-clermont-2017-19eme-edition\/laurent-courthaliac-8tet\/\"><img loading=\"lazy\" class=\"aligncenter wp-image-448\" src=\"http:\/\/www.chm.photo\/jazz\/wp-content\/uploads\/2017\/08\/Concert_4_A-001.jpg\" alt=\"\" width=\"500\" height=\"500\" srcset=\"http:\/\/www.chm.photo\/jazz\/wp-content\/uploads\/2017\/08\/Concert_4_A-001.jpg 800w, http:\/\/www.chm.photo\/jazz\/wp-content\/uploads\/2017\/08\/Concert_4_A-001-150x150.jpg 150w, http:\/\/www.chm.photo\/jazz\/wp-content\/uploads\/2017\/08\/Concert_4_A-001-300x300.jpg 300w, http:\/\/www.chm.photo\/jazz\/wp-content\/uploads\/2017\/08\/Concert_4_A-001-768x768.jpg 768w, http:\/\/www.chm.photo\/jazz\/wp-content\/uploads\/2017\/08\/Concert_4_A-001-100x100.jpg 100w\" sizes=\"(max-width: 500px) 100vw, 500px\" \/><\/a><\/p>\n<p><a href=\"http:\/\/www.chm.photo\/jazz\/festival-chateau-de-clermont-2017-19eme-edition\/out-of-law\/\">OUT OF LAW<\/a><\/p>\n<p><a href=\"http:\/\/www.chm.photo\/jazz\/festival-chateau-de-clermont-2017-19eme-edition\/out-of-law\/\"><img loading=\"lazy\" class=\"size-full wp-image-449 aligncenter\" src=\"http:\/\/www.chm.photo\/jazz\/wp-content\/uploads\/2017\/08\/Concert_5-001.jpg\" alt=\"\" width=\"800\" height=\"356\" srcset=\"http:\/\/www.chm.photo\/jazz\/wp-content\/uploads\/2017\/08\/Concert_5-001.jpg 800w, http:\/\/www.chm.photo\/jazz\/wp-content\/uploads\/2017\/08\/Concert_5-001-300x134.jpg 300w, http:\/\/www.chm.photo\/jazz\/wp-content\/uploads\/2017\/08\/Concert_5-001-768x342.jpg 768w\" sizes=\"(max-width: 800px) 100vw, 800px\" \/><\/a><\/p>\n<p><a href=\"http:\/\/www.chm.photo\/jazz\/festival-chateau-de-clermont-2017-19eme-edition\/sugaray-rayford\/\">Sugaray Rayford<\/a><\/p>\n<p><a href=\"http:\/\/www.chm.photo\/jazz\/festival-chateau-de-clermont-2017-19eme-edition\/sugaray-rayford\/\"><img loading=\"lazy\" class=\"wp-image-486 aligncenter\" src=\"http:\/\/www.chm.photo\/jazz\/wp-content\/uploads\/2017\/09\/Concert_6-001.jpg\" alt=\"\" width=\"500\" height=\"500\" srcset=\"http:\/\/www.chm.photo\/jazz\/wp-content\/uploads\/2017\/09\/Concert_6-001.jpg 800w, http:\/\/www.chm.photo\/jazz\/wp-content\/uploads\/2017\/09\/Concert_6-001-150x150.jpg 150w, http:\/\/www.chm.photo\/jazz\/wp-content\/uploads\/2017\/09\/Concert_6-001-300x300.jpg 300w, http:\/\/www.chm.photo\/jazz\/wp-content\/uploads\/2017\/09\/Concert_6-001-768x768.jpg 768w, http:\/\/www.chm.photo\/jazz\/wp-content\/uploads\/2017\/09\/Concert_6-001-100x100.jpg 100w\" sizes=\"(max-width: 500px) 100vw, 500px\" \/><\/a><\/p>\n<p><a href=\"http:\/\/www.chm.photo\/jazz\/festival-chateau-de-clermont-2017-19eme-edition\/bastien-brison-trio\/\">Bastien BRISON Trio<\/a><\/p>\n<p><a href=\"http:\/\/www.chm.photo\/jazz\/festival-chateau-de-clermont-2017-19eme-edition\/bastien-brison-trio\/\"><img loading=\"lazy\" class=\"aligncenter wp-image-535 size-full\" src=\"http:\/\/www.chm.photo\/jazz\/wp-content\/uploads\/2017\/09\/Concert_1-Titre-001.jpg\" alt=\"\" width=\"500\" height=\"500\" srcset=\"http:\/\/www.chm.photo\/jazz\/wp-content\/uploads\/2017\/09\/Concert_1-Titre-001.jpg 500w, http:\/\/www.chm.photo\/jazz\/wp-content\/uploads\/2017\/09\/Concert_1-Titre-001-150x150.jpg 150w, http:\/\/www.chm.photo\/jazz\/wp-content\/uploads\/2017\/09\/Concert_1-Titre-001-300x300.jpg 300w, http:\/\/www.chm.photo\/jazz\/wp-content\/uploads\/2017\/09\/Concert_1-Titre-001-100x100.jpg 100w\" sizes=\"(max-width: 500px) 100vw, 500px\" \/><\/a><\/p>\n<p><a href=\"http:\/\/www.chm.photo\/jazz\/festival-chateau-de-clermont-2017-19eme-edition\/o-g-log-5tet\/\">O.G. LOG 5tet`<\/a><\/p>\n<p><a href=\"http:\/\/www.chm.photo\/jazz\/festival-chateau-de-clermont-2017-19eme-edition\/o-g-log-5tet\/\"><img loading=\"lazy\" class=\"aligncenter wp-image-533\" src=\"http:\/\/www.chm.photo\/jazz\/wp-content\/uploads\/2017\/09\/Concert_3-001.jpg\" alt=\"\" width=\"500\" height=\"500\"><\/a><\/p>\n<p>&nbsp;<\/p>\n<p><a href=\"http:\/\/www.chm.photo\/jazz\"><strong>Retour au d\u00e9but du site jazz.chm.photo<\/strong><\/a><\/p>\n","protected":false},"excerpt":{"rendered":"<p>Andr\u00e9a MOTIS Laurent COURTHALIAC 8tet et les musiques de Woody Allen OUT OF LAW Sugaray Rayford Bastien BRISON Trio O.G. LOG 5tet` &nbsp; Retour au d\u00e9but du site jazz.chm.photo<\/p>\n","protected":false},"author":2,"featured_media":0,"parent":0,"menu_order":0,"comment_status":"closed","ping_status":"closed","template":"","meta":{"ngg_post_thumbnail":0},"_links":{"self":[{"href":"http:\/\/www.chm.photo\/jazz\/wp-json\/wp\/v2\/pages\/326"}],"collection":[{"href":"http:\/\/www.chm.photo\/jazz\/wp-json\/wp\/v2\/pages"}],"about":[{"href":"http:\/\/www.chm.photo\/jazz\/wp-json\/wp\/v2\/types\/page"}],"author":[{"embeddable":true,"href":"http:\/\/www.chm.photo\/jazz\/wp-json\/wp\/v2\/users\/2"}],"replies":[{"embeddable":true,"href":"http:\/\/www.chm.photo\/jazz\/wp-json\/wp\/v2\/comments?post=326"}],"version-history":[{"count":17,"href":"http:\/\/www.chm.photo\/jazz\/wp-json\/wp\/v2\/pages\/326\/revisions"}],"predecessor-version":[{"id":1293,"href":"http:\/\/www.chm.photo\/jazz\/wp-json\/wp\/v2\/pages\/326\/revisions\/1293"}],"wp:attachment":[{"href":"http:\/\/www.chm.photo\/jazz\/wp-json\/wp\/v2\/media?parent=326"}],"curies":[{"name":"wp","href":"https:\/\/api.w.org\/{rel}","templated":true}]}}

19 ème édition du festival du Château de Clermont 2017

<p><a href="http://www.chm.photo/jazz/festival-chateau-de-clermont-2017-19eme-edition/andrea-motis/">Andréa MOTIS</a></p>
<p><a href="http://www.chm.photo/jazz/festival-chateau-de-clermont-2017-19eme-edition/andrea-motis/"><img loading="lazy" class="wp-image-447 aligncenter" src="http://www.chm.photo/jazz/wp-content/uploads/2017/08/Concert_2-001.jpg" alt="" width="500" height="500" srcset="http://www.chm.photo/jazz/wp-content/uploads/2017/08/Concert_2-001.jpg 800w, http://www.chm.photo/jazz/wp-content/uploads/2017/08/Concert_2-001-150x150.jpg 150w, http://www.chm.photo/jazz/wp-content/uploads/2017/08/Concert_2-001-300x300.jpg 300w, http://www.chm.photo/jazz/wp-content/uploads/2017/08/Concert_2-001-768x768.jpg 768w, http://www.chm.photo/jazz/wp-content/uploads/2017/08/Concert_2-001-100x100.jpg 100w" sizes="(max-width: 500px) 100vw, 500px" /></a></p>
<p><a href="http://www.chm.photo/jazz/festival-chateau-de-clermont-2017-19eme-edition/laurent-courthaliac-8tet/">Laurent COURTHALIAC 8tet et les musiques de Woody Allen</a></p>
<p><a href="http://www.chm.photo/jazz/festival-chateau-de-clermont-2017-19eme-edition/laurent-courthaliac-8tet/"><img loading="lazy" class="aligncenter wp-image-448" src="http://www.chm.photo/jazz/wp-content/uploads/2017/08/Concert_4_A-001.jpg" alt="" width="500" height="500" srcset="http://www.chm.photo/jazz/wp-content/uploads/2017/08/Concert_4_A-001.jpg 800w, http://www.chm.photo/jazz/wp-content/uploads/2017/08/Concert_4_A-001-150x150.jpg 150w, http://www.chm.photo/jazz/wp-content/uploads/2017/08/Concert_4_A-001-300x300.jpg 300w, http://www.chm.photo/jazz/wp-content/uploads/2017/08/Concert_4_A-001-768x768.jpg 768w, http://www.chm.photo/jazz/wp-content/uploads/2017/08/Concert_4_A-001-100x100.jpg 100w" sizes="(max-width: 500px) 100vw, 500px" /></a></p>
<p><a href="http://www.chm.photo/jazz/festival-chateau-de-clermont-2017-19eme-edition/out-of-law/">OUT OF LAW</a></p>
<p><a href="http://www.chm.photo/jazz/festival-chateau-de-clermont-2017-19eme-edition/out-of-law/"><img loading="lazy" class="size-full wp-image-449 aligncenter" src="http://www.chm.photo/jazz/wp-content/uploads/2017/08/Concert_5-001.jpg" alt="" width="800" height="356" srcset="http://www.chm.photo/jazz/wp-content/uploads/2017/08/Concert_5-001.jpg 800w, http://www.chm.photo/jazz/wp-content/uploads/2017/08/Concert_5-001-300x134.jpg 300w, http://www.chm.photo/jazz/wp-content/uploads/2017/08/Concert_5-001-768x342.jpg 768w" sizes="(max-width: 800px) 100vw, 800px" /></a></p>
<p><a href="http://www.chm.photo/jazz/festival-chateau-de-clermont-2017-19eme-edition/sugaray-rayford/">Sugaray Rayford</a></p>
<p><a href="http://www.chm.photo/jazz/festival-chateau-de-clermont-2017-19eme-edition/sugaray-rayford/"><img loading="lazy" class="wp-image-486 aligncenter" src="http://www.chm.photo/jazz/wp-content/uploads/2017/09/Concert_6-001.jpg" alt="" width="500" height="500" srcset="http://www.chm.photo/jazz/wp-content/uploads/2017/09/Concert_6-001.jpg 800w, http://www.chm.photo/jazz/wp-content/uploads/2017/09/Concert_6-001-150x150.jpg 150w, http://www.chm.photo/jazz/wp-content/uploads/2017/09/Concert_6-001-300x300.jpg 300w, http://www.chm.photo/jazz/wp-content/uploads/2017/09/Concert_6-001-768x768.jpg 768w, http://www.chm.photo/jazz/wp-content/uploads/2017/09/Concert_6-001-100x100.jpg 100w" sizes="(max-width: 500px) 100vw, 500px" /></a></p>
<p><a href="http://www.chm.photo/jazz/festival-chateau-de-clermont-2017-19eme-edition/bastien-brison-trio/">Bastien BRISON Trio</a></p>
<p><a href="http://www.chm.photo/jazz/festival-chateau-de-clermont-2017-19eme-edition/bastien-brison-trio/"><img loading="lazy" class="aligncenter wp-image-535 size-full" src="http://www.chm.photo/jazz/wp-content/uploads/2017/09/Concert_1-Titre-001.jpg" alt="" width="500" height="500" srcset="http://www.chm.photo/jazz/wp-content/uploads/2017/09/Concert_1-Titre-001.jpg 500w, http://www.chm.photo/jazz/wp-content/uploads/2017/09/Concert_1-Titre-001-150x150.jpg 150w, http://www.chm.photo/jazz/wp-content/uploads/2017/09/Concert_1-Titre-001-300x300.jpg 300w, http://www.chm.photo/jazz/wp-content/uploads/2017/09/Concert_1-Titre-001-100x100.jpg 100w" sizes="(max-width: 500px) 100vw, 500px" /></a></p>
<p><a href="http://www.chm.photo/jazz/festival-chateau-de-clermont-2017-19eme-edition/o-g-log-5tet/">O.G. LOG 5tet`</a></p>
<p><a href="http://www.chm.photo/jazz/festival-chateau-de-clermont-2017-19eme-edition/o-g-log-5tet/"><img loading="lazy" class="aligncenter wp-image-533" src="http://www.chm.photo/jazz/wp-content/uploads/2017/09/Concert_3-001.jpg" alt="" width="500" height="500"></a></p>
<p>&nbsp;</p>
<p><a href="http://www.chm.photo/jazz"><strong>Retour au début du site jazz.chm.photo</strong></a></p>

<p>Andréa MOTIS Laurent COURTHALIAC 8tet et les musiques de Woody Allen OUT OF LAW Sugaray Rayford Bastien BRISON Trio O.G. LOG 5tet` &nbsp; Retour au début du site jazz.chm.photo</p>
