{"id":481,"date":"2017-09-01T00:18:24","date_gmt":"2017-08-31T22:18:24","guid":{"rendered":"http:\/\/www.chm.photo\/jazz\/?page_id=481"},"modified":"2017-09-01T00:18:24","modified_gmt":"2017-08-31T22:18:24","slug":"sugaray-rayford","status":"publish","type":"page","link":"http:\/\/www.chm.photo\/jazz\/festival-chateau-de-clermont-2017-19eme-edition\/sugaray-rayford\/","title":{"rendered":"Sugaray RAYFORD"},"content":{"rendered":"<p>Impressionnant par sa puissance vocale hors du commun, Sugaray Rayford propage une \u00e9nergie palpable. Qualifi\u00e9 de \u201cStar du Blues\u201d de la nouvelle g\u00e9n\u00e9ration des bluesmen, il lui est pr\u00e9dit une aussi belle carri\u00e8re que BB King&nbsp;; il est sans aucun doute un v\u00e9ritable ph\u00e9nom\u00e8ne. Son style de pr\u00e9dilection: un subtil m\u00e9lange de Blues et de Soul, fa\u00e7on Stax Records.<br \/>\nOriginaire du Texas, \u00e9lev\u00e9 en Californie, Il est devenu dans les ann\u00e9es 2000 la coqueluche des stars de Los Angeles, alors que ses titres apparaissent dans des s\u00e9ries TV. En 2012, Sugaray rejoint la troupe du c\u00e9l\u00e8bre spectacle \u00abAin\u2019t Nothing but the Blues\u00bb&nbsp;;<br \/>\nA l\u2019affiche des plus grands festivals de Blues, encens\u00e9 par les medias, nomin\u00e9 a plusieurs reprises dans plusieurs&nbsp;cat\u00e9gories aux Blues Music Awards, Sugaray conquiert le public \u00e0 chaque concert gr\u00e2ce \u00e0 son \u00e9norme talent, sa sensibilit\u00e9, et sa g\u00e9n\u00e9rosit\u00e9.<\/p>\n            \n\t\t<div class=\"ngg-gallery-singlepic-image \" style=\"\">\n\t\t\t    \t<a href=\"http:\/\/www.chm.photo\/jazz\/wp-content\/gallery\/clermont-2017-06\/Concert_6-001.JPG\"\n\t\t     title=\"\"\n             data-src=\"http:\/\/www.chm.photo\/jazz\/wp-content\/gallery\/clermont-2017-06\/Concert_6-001.JPG\"\n             data-thumbnail=\"http:\/\/www.chm.photo\/jazz\/wp-content\/gallery\/clermont-2017-06\/thumbs\/thumbs_Concert_6-001.JPG\"\n             data-image-id=\"121\"\n             data-title=\"Concert_6-001\"\n             data-description=\"\"\n             target='_self'\n             class=\"ngg-fancybox\" rel=\"8855063afb3daea298ad421224d433e3\">\n            <img class=\"ngg-singlepic\"\n             src=\"http:\/\/www.chm.photo\/jazz\/wp-content\/gallery\/clermont-2017-06\/cache\/Concert_6-001.JPG-nggid03121-ngg0dyn-0x0x100-00f0w010c010r110f110r010t010.JPG\"\n             alt=\"Concert_6-001\"\n             title=\"Concert_6-001\"\n                           \/>\n    \t<\/a>\n\t\t      <\/div>\n        \n            \n\t\t<div class=\"ngg-gallery-singlepic-image \" style=\"\">\n\t\t\t    \t<a href=\"http:\/\/www.chm.photo\/jazz\/wp-content\/gallery\/clermont-2017-06\/Concert_6-002.JPG\"\n\t\t     title=\"\"\n             data-src=\"http:\/\/www.chm.photo\/jazz\/wp-content\/gallery\/clermont-2017-06\/Concert_6-002.JPG\"\n             data-thumbnail=\"http:\/\/www.chm.photo\/jazz\/wp-content\/gallery\/clermont-2017-06\/thumbs\/thumbs_Concert_6-002.JPG\"\n             data-image-id=\"122\"\n             data-title=\"Concert_6-002\"\n             data-description=\"\"\n             target='_self'\n             class=\"ngg-fancybox\" rel=\"3d3dd867efbc7d4863495b71865f5680\">\n            <img class=\"ngg-singlepic\"\n             src=\"http:\/\/www.chm.photo\/jazz\/wp-content\/gallery\/clermont-2017-06\/cache\/Concert_6-002.JPG-nggid03122-ngg0dyn-0x0x100-00f0w010c010r110f110r010t010.JPG\"\n             alt=\"Concert_6-002\"\n             title=\"Concert_6-002\"\n                           \/>\n    \t<\/a>\n\t\t      <\/div>\n        \n            \n\t\t<div class=\"ngg-gallery-singlepic-image \" style=\"\">\n\t\t\t    \t<a href=\"http:\/\/www.chm.photo\/jazz\/wp-content\/gallery\/clermont-2017-06\/Concert_6-003.JPG\"\n\t\t     title=\"\"\n             data-src=\"http:\/\/www.chm.photo\/jazz\/wp-content\/gallery\/clermont-2017-06\/Concert_6-003.JPG\"\n             data-thumbnail=\"http:\/\/www.chm.photo\/jazz\/wp-content\/gallery\/clermont-2017-06\/thumbs\/thumbs_Concert_6-003.JPG\"\n             data-image-id=\"123\"\n             data-title=\"Concert_6-003\"\n             data-description=\"\"\n             target='_self'\n             class=\"ngg-fancybox\" rel=\"ff28c372c54008bb7f24cc3f4fd5e386\">\n            <img class=\"ngg-singlepic\"\n             src=\"http:\/\/www.chm.photo\/jazz\/wp-content\/gallery\/clermont-2017-06\/cache\/Concert_6-003.JPG-nggid03123-ngg0dyn-0x0x100-00f0w010c010r110f110r010t010.JPG\"\n             alt=\"Concert_6-003\"\n             title=\"Concert_6-003\"\n                           \/>\n    \t<\/a>\n\t\t      <\/div>\n        \n            \n\t\t<div class=\"ngg-gallery-singlepic-image \" style=\"\">\n\t\t\t    \t<a href=\"http:\/\/www.chm.photo\/jazz\/wp-content\/gallery\/clermont-2017-06\/Concert_6-004.JPG\"\n\t\t     title=\"\"\n             data-src=\"http:\/\/www.chm.photo\/jazz\/wp-content\/gallery\/clermont-2017-06\/Concert_6-004.JPG\"\n             data-thumbnail=\"http:\/\/www.chm.photo\/jazz\/wp-content\/gallery\/clermont-2017-06\/thumbs\/thumbs_Concert_6-004.JPG\"\n             data-image-id=\"124\"\n             data-title=\"Concert_6-004\"\n             data-description=\"\"\n             target='_self'\n             class=\"ngg-fancybox\" rel=\"f4ecd6f8d369e82aae43117a9e40539a\">\n            <img class=\"ngg-singlepic\"\n             src=\"http:\/\/www.chm.photo\/jazz\/wp-content\/gallery\/clermont-2017-06\/cache\/Concert_6-004.JPG-nggid03124-ngg0dyn-0x0x100-00f0w010c010r110f110r010t010.JPG\"\n             alt=\"Concert_6-004\"\n             title=\"Concert_6-004\"\n                           \/>\n    \t<\/a>\n\t\t      <\/div>\n        \n            \n\t\t<div class=\"ngg-gallery-singlepic-image \" style=\"\">\n\t\t\t    \t<a href=\"http:\/\/www.chm.photo\/jazz\/wp-content\/gallery\/clermont-2017-06\/Concert_6-005.JPG\"\n\t\t     title=\"\"\n             data-src=\"http:\/\/www.chm.photo\/jazz\/wp-content\/gallery\/clermont-2017-06\/Concert_6-005.JPG\"\n             data-thumbnail=\"http:\/\/www.chm.photo\/jazz\/wp-content\/gallery\/clermont-2017-06\/thumbs\/thumbs_Concert_6-005.JPG\"\n             data-image-id=\"125\"\n             data-title=\"Concert_6-005\"\n             data-description=\"\"\n             target='_self'\n             class=\"ngg-fancybox\" rel=\"144c4640433357d56668401c87154423\">\n            <img class=\"ngg-singlepic\"\n             src=\"http:\/\/www.chm.photo\/jazz\/wp-content\/gallery\/clermont-2017-06\/cache\/Concert_6-005.JPG-nggid03125-ngg0dyn-0x0x100-00f0w010c010r110f110r010t010.JPG\"\n             alt=\"Concert_6-005\"\n             title=\"Concert_6-005\"\n                           \/>\n    \t<\/a>\n\t\t      <\/div>\n        \n            \n\t\t<div class=\"ngg-gallery-singlepic-image \" style=\"\">\n\t\t\t    \t<a href=\"http:\/\/www.chm.photo\/jazz\/wp-content\/gallery\/clermont-2017-06\/Concert_6-006.JPG\"\n\t\t     title=\"\"\n             data-src=\"http:\/\/www.chm.photo\/jazz\/wp-content\/gallery\/clermont-2017-06\/Concert_6-006.JPG\"\n             data-thumbnail=\"http:\/\/www.chm.photo\/jazz\/wp-content\/gallery\/clermont-2017-06\/thumbs\/thumbs_Concert_6-006.JPG\"\n             data-image-id=\"126\"\n             data-title=\"Concert_6-006\"\n             data-description=\"\"\n             target='_self'\n             class=\"ngg-fancybox\" rel=\"5e48d5abfa6fd72db4eb63b3513140db\">\n            <img class=\"ngg-singlepic\"\n             src=\"http:\/\/www.chm.photo\/jazz\/wp-content\/gallery\/clermont-2017-06\/cache\/Concert_6-006.JPG-nggid03126-ngg0dyn-0x0x100-00f0w010c010r110f110r010t010.JPG\"\n             alt=\"Concert_6-006\"\n             title=\"Concert_6-006\"\n                           \/>\n    \t<\/a>\n\t\t      <\/div>\n        \n            \n\t\t<div class=\"ngg-gallery-singlepic-image \" style=\"\">\n\t\t\t    \t<a href=\"http:\/\/www.chm.photo\/jazz\/wp-content\/gallery\/clermont-2017-06\/Concert_6-007.JPG\"\n\t\t     title=\"\"\n             data-src=\"http:\/\/www.chm.photo\/jazz\/wp-content\/gallery\/clermont-2017-06\/Concert_6-007.JPG\"\n             data-thumbnail=\"http:\/\/www.chm.photo\/jazz\/wp-content\/gallery\/clermont-2017-06\/thumbs\/thumbs_Concert_6-007.JPG\"\n             data-image-id=\"127\"\n             data-title=\"Concert_6-007\"\n             data-description=\"\"\n             target='_self'\n             class=\"ngg-fancybox\" rel=\"4385887e8a819d91447f131f758e7f49\">\n            <img class=\"ngg-singlepic\"\n             src=\"http:\/\/www.chm.photo\/jazz\/wp-content\/gallery\/clermont-2017-06\/cache\/Concert_6-007.JPG-nggid03127-ngg0dyn-0x0x100-00f0w010c010r110f110r010t010.JPG\"\n             alt=\"Concert_6-007\"\n             title=\"Concert_6-007\"\n                           \/>\n    \t<\/a>\n\t\t      <\/div>\n        \n            \n\t\t<div class=\"ngg-gallery-singlepic-image \" style=\"\">\n\t\t\t    \t<a href=\"http:\/\/www.chm.photo\/jazz\/wp-content\/gallery\/clermont-2017-06\/Concert_6-008.JPG\"\n\t\t     title=\"\"\n             data-src=\"http:\/\/www.chm.photo\/jazz\/wp-content\/gallery\/clermont-2017-06\/Concert_6-008.JPG\"\n             data-thumbnail=\"http:\/\/www.chm.photo\/jazz\/wp-content\/gallery\/clermont-2017-06\/thumbs\/thumbs_Concert_6-008.JPG\"\n             data-image-id=\"128\"\n             data-title=\"Concert_6-008\"\n             data-description=\"\"\n             target='_self'\n             class=\"ngg-fancybox\" rel=\"d3f0ba854ba2f671355dba62bea75c2a\">\n            <img class=\"ngg-singlepic\"\n             src=\"http:\/\/www.chm.photo\/jazz\/wp-content\/gallery\/clermont-2017-06\/cache\/Concert_6-008.JPG-nggid03128-ngg0dyn-0x0x100-00f0w010c010r110f110r010t010.JPG\"\n             alt=\"Concert_6-008\"\n             title=\"Concert_6-008\"\n                           \/>\n    \t<\/a>\n\t\t      <\/div>\n        \n            \n\t\t<div class=\"ngg-gallery-singlepic-image \" style=\"\">\n\t\t\t    \t<a href=\"http:\/\/www.chm.photo\/jazz\/wp-content\/gallery\/clermont-2017-06\/Concert_6-009.JPG\"\n\t\t     title=\"\"\n             data-src=\"http:\/\/www.chm.photo\/jazz\/wp-content\/gallery\/clermont-2017-06\/Concert_6-009.JPG\"\n             data-thumbnail=\"http:\/\/www.chm.photo\/jazz\/wp-content\/gallery\/clermont-2017-06\/thumbs\/thumbs_Concert_6-009.JPG\"\n             data-image-id=\"129\"\n             data-title=\"Concert_6-009\"\n             data-description=\"\"\n             target='_self'\n             class=\"ngg-fancybox\" rel=\"587ac308ab6f2f5e0cef030ed5b604a6\">\n            <img class=\"ngg-singlepic\"\n             src=\"http:\/\/www.chm.photo\/jazz\/wp-content\/gallery\/clermont-2017-06\/cache\/Concert_6-009.JPG-nggid03129-ngg0dyn-0x0x100-00f0w010c010r110f110r010t010.JPG\"\n             alt=\"Concert_6-009\"\n             title=\"Concert_6-009\"\n                           \/>\n    \t<\/a>\n\t\t      <\/div>\n        \n            \n\t\t<div class=\"ngg-gallery-singlepic-image \" style=\"\">\n\t\t\t    \t<a href=\"http:\/\/www.chm.photo\/jazz\/wp-content\/gallery\/clermont-2017-06\/Concert_6-010.JPG\"\n\t\t     title=\"\"\n             data-src=\"http:\/\/www.chm.photo\/jazz\/wp-content\/gallery\/clermont-2017-06\/Concert_6-010.JPG\"\n             data-thumbnail=\"http:\/\/www.chm.photo\/jazz\/wp-content\/gallery\/clermont-2017-06\/thumbs\/thumbs_Concert_6-010.JPG\"\n             data-image-id=\"130\"\n             data-title=\"Concert_6-010\"\n             data-description=\"\"\n             target='_self'\n             class=\"ngg-fancybox\" rel=\"3e7b2ad365d9d7fd47a63584f7df7fd5\">\n            <img class=\"ngg-singlepic\"\n             src=\"http:\/\/www.chm.photo\/jazz\/wp-content\/gallery\/clermont-2017-06\/cache\/Concert_6-010.JPG-nggid03130-ngg0dyn-0x0x100-00f0w010c010r110f110r010t010.JPG\"\n             alt=\"Concert_6-010\"\n             title=\"Concert_6-010\"\n                           \/>\n    \t<\/a>\n\t\t      <\/div>\n        \n            \n\t\t<div class=\"ngg-gallery-singlepic-image \" style=\"\">\n\t\t\t    \t<a href=\"http:\/\/www.chm.photo\/jazz\/wp-content\/gallery\/clermont-2017-06\/Concert_6-011.JPG\"\n\t\t     title=\"\"\n             data-src=\"http:\/\/www.chm.photo\/jazz\/wp-content\/gallery\/clermont-2017-06\/Concert_6-011.JPG\"\n             data-thumbnail=\"http:\/\/www.chm.photo\/jazz\/wp-content\/gallery\/clermont-2017-06\/thumbs\/thumbs_Concert_6-011.JPG\"\n             data-image-id=\"131\"\n             data-title=\"Concert_6-011\"\n             data-description=\"\"\n             target='_self'\n             class=\"ngg-fancybox\" rel=\"942dba5adcba2099bfe36174e21ca874\">\n            <img class=\"ngg-singlepic\"\n             src=\"http:\/\/www.chm.photo\/jazz\/wp-content\/gallery\/clermont-2017-06\/cache\/Concert_6-011.JPG-nggid03131-ngg0dyn-0x0x100-00f0w010c010r110f110r010t010.JPG\"\n             alt=\"Concert_6-011\"\n             title=\"Concert_6-011\"\n                           \/>\n    \t<\/a>\n\t\t      <\/div>\n        \n            \n\t\t<div class=\"ngg-gallery-singlepic-image \" style=\"\">\n\t\t\t    \t<a href=\"http:\/\/www.chm.photo\/jazz\/wp-content\/gallery\/clermont-2017-06\/Concert_6-012.JPG\"\n\t\t     title=\"\"\n             data-src=\"http:\/\/www.chm.photo\/jazz\/wp-content\/gallery\/clermont-2017-06\/Concert_6-012.JPG\"\n             data-thumbnail=\"http:\/\/www.chm.photo\/jazz\/wp-content\/gallery\/clermont-2017-06\/thumbs\/thumbs_Concert_6-012.JPG\"\n             data-image-id=\"132\"\n             data-title=\"Concert_6-012\"\n             data-description=\"\"\n             target='_self'\n             class=\"ngg-fancybox\" rel=\"1cd1c309f7a2e9e065c561cc0ee3a64e\">\n            <img class=\"ngg-singlepic\"\n             src=\"http:\/\/www.chm.photo\/jazz\/wp-content\/gallery\/clermont-2017-06\/cache\/Concert_6-012.JPG-nggid03132-ngg0dyn-0x0x100-00f0w010c010r110f110r010t010.JPG\"\n             alt=\"Concert_6-012\"\n             title=\"Concert_6-012\"\n                           \/>\n    \t<\/a>\n\t\t      <\/div>\n        \n            \n\t\t<div class=\"ngg-gallery-singlepic-image \" style=\"\">\n\t\t\t    \t<a href=\"http:\/\/www.chm.photo\/jazz\/wp-content\/gallery\/clermont-2017-06\/Concert_6-013.JPG\"\n\t\t     title=\"\"\n             data-src=\"http:\/\/www.chm.photo\/jazz\/wp-content\/gallery\/clermont-2017-06\/Concert_6-013.JPG\"\n             data-thumbnail=\"http:\/\/www.chm.photo\/jazz\/wp-content\/gallery\/clermont-2017-06\/thumbs\/thumbs_Concert_6-013.JPG\"\n             data-image-id=\"133\"\n             data-title=\"Concert_6-013\"\n             data-description=\"\"\n             target='_self'\n             class=\"ngg-fancybox\" rel=\"32818b071afe468759a1167c51e83075\">\n            <img class=\"ngg-singlepic\"\n             src=\"http:\/\/www.chm.photo\/jazz\/wp-content\/gallery\/clermont-2017-06\/cache\/Concert_6-013.JPG-nggid03133-ngg0dyn-0x0x100-00f0w010c010r110f110r010t010.JPG\"\n             alt=\"Concert_6-013\"\n             title=\"Concert_6-013\"\n                           \/>\n    \t<\/a>\n\t\t      <\/div>\n        \n<p>&nbsp;<br \/>\n-Sugaray Rayford: chant<br \/>\n-Gino Matteo: guitare<br \/>\n-Ralph Carter: basse<br \/>\n-Lavell Jones: batterie<br \/>\n-Drake Shining: claviers<br \/>\n-Aaron Liddard: Saxophone<br \/>\n-Giles Straw: trompette<\/p>\n<p><a href=\"http:\/\/www.chm.photo\/jazz\/festival-chateau-de-clermont-2017-19eme-edition\/\">Retour \u00e0 la page du Festival<\/a><\/p>\n<p><a href=\"http:\/\/www.chm.photo\/jazz\">Retour au d\u00e9but du site jazz.chm.photo<\/a><\/p>\n","protected":false},"excerpt":{"rendered":"<p>Impressionnant par sa puissance vocale hors du commun, Sugaray Rayford propage une \u00e9nergie palpable. Qualifi\u00e9 de \u201cStar du Blues\u201d de la nouvelle g\u00e9n\u00e9ration des bluesmen, il lui est pr\u00e9dit une aussi belle carri\u00e8re que BB King&nbsp;; il est sans aucun doute un v\u00e9ritable ph\u00e9nom\u00e8ne. Son style de pr\u00e9dilection: un subtil m\u00e9lange de Blues et de [&hellip;]<\/p>\n","protected":false},"author":2,"featured_media":0,"parent":326,"menu_order":60,"comment_status":"closed","ping_status":"closed","template":"","meta":{"ngg_post_thumbnail":0},"_links":{"self":[{"href":"http:\/\/www.chm.photo\/jazz\/wp-json\/wp\/v2\/pages\/481"}],"collection":[{"href":"http:\/\/www.chm.photo\/jazz\/wp-json\/wp\/v2\/pages"}],"about":[{"href":"http:\/\/www.chm.photo\/jazz\/wp-json\/wp\/v2\/types\/page"}],"author":[{"embeddable":true,"href":"http:\/\/www.chm.photo\/jazz\/wp-json\/wp\/v2\/users\/2"}],"replies":[{"embeddable":true,"href":"http:\/\/www.chm.photo\/jazz\/wp-json\/wp\/v2\/comments?post=481"}],"version-history":[{"count":1,"href":"http:\/\/www.chm.photo\/jazz\/wp-json\/wp\/v2\/pages\/481\/revisions"}],"predecessor-version":[{"id":483,"href":"http:\/\/www.chm.photo\/jazz\/wp-json\/wp\/v2\/pages\/481\/revisions\/483"}],"up":[{"embeddable":true,"href":"http:\/\/www.chm.photo\/jazz\/wp-json\/wp\/v2\/pages\/326"}],"wp:attachment":[{"href":"http:\/\/www.chm.photo\/jazz\/wp-json\/wp\/v2\/media?parent=481"}],"curies":[{"name":"wp","href":"https:\/\/api.w.org\/{rel}","templated":true}]}}